 third derivative of -w**4/24 + 7*w**3/2 - 23*w**2. Determine h(9).
12
Let o(j) be the third derivative of -j**4/24 + 2*j**3/3 + 2*j**2. Let f be o(4). Suppose f = 5*a - 3 - 2. Let y(w) = 6*w**3 - w**2. Give y(a).
5
Let y be 1/3 - 34/(-6). Let s(b) = -3*b**2 + y*b**2 - b**2. Let j(u) = -u**3 - 3*u**2 + 2*u + 3. Let i be j(-1). Calculate s(i).
2
Let y(s) be the second derivative of 0*s**3 - 1/20*s**5 - 1/6*s**4 + 0 + 0*s**2 + s - 1/720*s**6. Let u(a) be the third derivative of y(a). Give u(-5).
-1
Let z = -85 - -82. Let f(o) = -3*o**3 + 2*o**2 - o. Let r(d) = 8*d**3 - 6*d**2 + 3*d. Let t(p) = -11*f(p) - 4*r(p). Determine t(z).
-6
Let c(o) = 11*o**3 + o + 5. Let f(g) = -10*g**3 - g - 4. Let r(z) = -4*c(z) - 5*f(z). What is r(-1)?
-7
Suppose -24 = -49*r + 53*r. Let c(n) = -2*n - 6 - 2 + n. Determine c(r).
-2
Suppose -x - 4*t = 15, 0*x + 4*t - 75 = 5*x. Let u = -14 - x. Let n(i) be the third derivative of i**6/120 + i**5/60 - i**4/24 - i**2. Calculate n(u).
1
Let f(h) be the second derivative of -h**5/20 + h**4/4 - h**3/3 + h**2/2 - 3*h. Let w be f(2). Let p(s) = -2*s - 1. What is p(w)?
-3
Let i(s) = 2*s - 3. Let l = -7 + 11. Let q = 2 - 2. Let f = q + l. Give i(f).
5
Let a(w) = -w + 3. Let q = -1 - -4. Let r = q + 2. Let k be (-189)/(-35) + (-2)/r. What is a(k)?
-2
Let u(f) = -f**3 - 6*f**2 + 8*f + 6. Let t = 34 + -41. Calculate u(t).
-1
Let v be (3/6)/((-1)/(-8)). Let g(x) = 9*x - 1 - 5*x - 3*x - 1. Determine g(v).
2
Suppose -5*k + 7 = -13, -c = 5*k - 23. Let y(i) = -i**3 + 4*i**2 - 4*i + 2. Determine y(c).
-1
Suppose 0 = -w - 2*w + 12. Let r(d) be the second derivative of 5*d - 3/2*d**2 + 0 + 1/3*d**3. Determine r(w).
5
Let f be (-4)/20 - 44/(-20). Let g(p) = 5*p**2 - 3*p. What is g(f)?
14
Let s be 4/3*3/2. Let a(j) = -j**3 + 5*j**2 + 0 - s*j**2 + 2 - j - 4*j**2. Let c(k) = -k. Let i be c(0). Determine a(i).
2
Let i(q) = -q**2 - 2*q - 1. Let s = 2 + -4. Calculate i(s).
-1
Let l(o) = 3*o - 4. Let c be l(3). Suppose c*z = 6*z - 1. Let a(h) = -2*h**3 - h. Give a(z).
-3
Let i be (2 - 0/(-4))/2. Let b = -2 - -6. Let q(k) = 7*k**2 - 4 + k + b. Give q(i).
8
Let f(h) = -h. Let g(s) = 2*s. Let i(l) = 5*f(l) + 3*g(l). What is i(4)?
4
Let j(m) = -3*m**3 - 354*m**2 - m + 354*m**2. Suppose l - 2 = -0*l. Suppose l*k + d = -k - 5, 5*k + 3*d = -11. Give j(k).
4
Suppose -5 = 5*g + 5, -3*g - 174 = -4*d. Suppose 4*k + 18 = d. Let j(i) = 2*i - 8. Calculate j(k).
4
Suppose 5*w - 2*q = -10, 0 = -4*w + 3*w + 2*q - 10. Let z(r) = -r**2 + r. Let a(d) = -4*d**2 + 4*d + 9. Let b(l) = a(l) - 5*z(l). Calculate b(w).
9
Let r(g) = g + 5. Let c be r(-4). Let o(n) = -3*n + 1. Let u(l) = 15*l - 5. Let i(z) = 11*o(z) + 2*u(z). Determine i(c).
-2
Let z(l) be the second derivative of l**4/12 + l**3/6 - 2*l**2 - 2*l. Give z(-5).
16
Suppose 2*h + 2 = 4*c - 6, -h = 4*c - 14. Suppose -1 = -h*g - 11. Let y(k) = -k - 4. Determine y(g).
1
Let d(z) be the second derivative of z**5/40 - z**4/24 + 5*z**3/6 + 6*z. Let b(p) be the second derivative of d(p). What is b(3)?
8
Let k = 52 + -50. Let s(x) = 5*x**2 - 2*x + 2. Determine s(k).
18
Let w(c) = c**2 - 3*c + 1. Suppose 0 = 7*z - 2*z - 10, -z = -d - 11. Let k = -7 - d. Give w(k).
-1
Let q be (-10 - -6) + (0 - -3). Let l(o) = -9*o**3 - o. What is l(q)?
10
Suppose -2*x - 3*x = 3*w - 29, w + 13 = 4*x. Let i = -3 - w. Let a(f) = 2*f + 7. Give a(i).
-5
Let a(c) = -3*c**3 - c**2. Let b(d) = d**2 + 2*d + 3. Let j(k) = -2*k**2 - 3*k - 4. Let v(f) = 3*b(f) + 2*j(f). Let n be v(0). What is a(n)?
-4
Let x(o) = 4*o. Let p be x(-1). Let f(t) = 3*t**3 + 3*t**2 + 4*t - 2. Let s(a) = 7*a**3 + 6*a**2 + 8*a - 5. Let h(i) = p*s(i) + 9*f(i). Give h(4).
2
Let r(f) = f**3 - f**2 - f. Let j(c) = 7*c**3 - 3*c**2 - 8*c + 4. Let g(a) = j(a) - 6*r(a). Let x(i) = i**2 - 8*i + 9. Let h be x(6). Determine g(h).
10
Let l(i) = 4*i + 2. Let b = 35 + -15. Suppose 0 = 5*q - 0 + b, 5*p + 3*q + 47 = 0. Let c = p + 5. What is l(c)?
-6
Let x = -11 + 6. Let l be (x/10)/(1/(-10)). Let u(d) = d**2 - 4*d - 4. Calculate u(l).
1
Suppose -j = r - 6, j + 2 = 3. Suppose 16 = 5*v - 49. Suppose -r*q - 4*d - v = 0, 3 - 4 = 5*q - 2*d. Let k(b) = -5*b**3 + b + 1. What is k(q)?
5
Let k(y) = y**2 - 4*y - 5. Suppose 2*t - 5*t + 21 = 0. Give k(t).
16
Let v(n) = -6*n**2 - 2*n + 3. Let y = 7 + -12. Let u(x) = 13*x**2 + 4*x - 7. Let s(z) = y*v(z) - 2*u(z). Let g(t) = t**2 - 15*t + 15. Let m be g(14). Give s(m).
5
Let b(q) = -q**2 + 2*q - 5. Suppose -19 = 3*h + 8. Let z(j) = -5*j**2 + 9*j - 20. Let k(v) = h*b(v) + 2*z(v). Give k(0).
5
Let c(v) = v**2 + 3. Suppose 2 = 2*f + 4*m, -3*f - 3*m = 2 + 1. What is c(f)?
12
Let r(k) = k**3 + 4*k**2 - 5*k + 5. Let p be (-124)/24 - 1/(-6). Let i be r(p). Let o(g) = g**3 - 5*g**2 + g - 1. What is o(i)?
4
Let y(c) = -c. Suppose -2*u - 5 = -u. Let t(m) = -m - 1. Let v(l) = u*t(l) + 4*y(l). Determine v(0).
5
Let v(d) be the third derivative of -d**7/5040 - d**6/180 + d**5/60 - 6*d**2. Let h(f) be the third derivative of v(f). Calculate h(-4).
0
Let p(t) be the third derivative of 0*t + 3*t**2 + 0 - 1/12*t**5 + 1/6*t**3 + 0*t**4. Calculate p(-1).
-4
Let c(a) = a**3 + 5*a**2 + 5*a + 2. Let d = 113 + -116. Give c(d).
5
Let c = -2 + 5. Suppose -f + c - 1 = 0. Suppose 0*l + p = 3*l + 2, f*l = -3*p - 16. Let s(t) = t + 4. Give s(l).
2
Let g(i) be the first derivative of 7*i + 2 + 1/2*i**2. What is g(0)?
7
Let r(q) = -q**3 + q + 10. Let d = 12 + -12. Calculate r(d).
10
Let u(t) = -7*t + 6 + 0*t + 49*t**3 - 48*t**3 - 5*t**2. Determine u(6).
0
Let i(o) = -o + 7. Let v = 18 - 15. Suppose 4*k + g = -2, k - v*g = -k + 6. Give i(k).
7
Let k be 8*1 + 1*2. Suppose 4*f = 6*f + k. Let i(y) = 20*y + 1. Let n(m) = -7*m. Let x(q) = -6*i(q) - 17*n(q). Determine x(f).
-1
Let p(i) = i**2 + 7*i + 6. Let y be (0 + -1 - -2)/(-1). Suppose 0*n + 4*n = -12. Let r = y + n. What is p(r)?
-6
Suppose -4*o + 10 = -2*o. Suppose o*x - 2*x - 8 = 4*p, 3*p = -4*x + 19. Let y(t) = 0*t + 4*t**2 - 2*t + t**3 - 4 - x*t. What is y(-5)?
1
Let h(b) = 0*b + b + 3 - 2. Let y(j) = -2*j + 0*j - 5*j - 11 + 8*j. Let r be y(10). Give h(r).
0
Let f(g) = -g - 1. Let m be f(-5). Suppose 3*s + m = s. Let r(z) = 4*z. Calculate r(s).
-8
Let g(h) = 2*h - 1. Let s(n) = n - 1. Let v(w) = 5*g(w) - 4*s(w). Determine v(1).
5
Let r = -17 + 9. Let p(z) = z**2 + 8*z - 3. Let x be p(r). Let m(l) = l**3 + 2*l**2 - 2*l. Calculate m(x).
-3
Let i(o) be the first derivative of -o**2/2 - 2*o - 2. Suppose -4 = -g + 4*x, 4*x - 7 = 1. Suppose -2*f - 2*f = -g. Give i(f).
-5
Suppose -k - 4 = 5*r + 2, 1 = -2*r + k. Let y(x) = 1. Let b(h) = 2*h + 4. Let j(v) = -b(v) + y(v). Let m(p) = 3*p + 4. Let a(s) = 4*j(s) + 3*m(s). Give a(r).
-1
Suppose 0*b - 3 = 3*b. Let s(p) = -p. Let c(u) = 3*u. Let r(m) = -2*c(m) - 4*s(m). Calculate r(b).
2
Let w be 0/(-3) + (0 - -1). Let x(y) = 4*y + 4. Let u(g) = -12*g - 14. Let b(d) = -2*u(d) - 7*x(d). Give b(w).
-4
Let c(z) = 0 - 3*z**2 + 4*z**2 - 3 + 0 - 6*z. Determine c(5).
-8
Let c be 6 + (-1)/(2/4). Let u(y) = y**2 + 4*y. Let w be u(-5). Suppose 2*r - z = 2, c*z = -8*r + 3*r + w. Let d(g) = -g + 1. Give d(r).
0
Let d(m) = m**2 + 3*m. Let a be 7/(-7)*1/(-1). Let p be (2 + 2)*(0 - a). Calculate d(p).
4
Suppose 3*q + 2*q = -5. Let w be ((-1 - -1) + q)*5. Let c(j) = -j**3 - 4*j**2 + 4*j + 3. Calculate c(w).
8
Let d(y) = -11 + 36 - 19 + 0*y - y. Calculate d(3).
3
Suppose -5*s + 38 = -2. Let t(l) = l**3 - 8*l**2 + l + 1. Give t(s).
9
Let q(k) be the third derivative of k**4/24 + 5*k**3/3 - 4*k**2. Suppose 0 = -g - 3*g. Give q(g).
10
Let c(n) = n**3 - 4*n - 1. Let t(j) = j**2 - 3*j - 7. Suppose 10*h - 8 = 8*h. Let p be t(h). Calculate c(p).
-16
Let f(q) = -2*q**3 - 15*q**2 + 15*q - 11. Let k(i) = i**3 + 8*i**2 - 8*i + 6. Let o(t) = 3*f(t) + 5*k(t). Let m = -6 + 0. Give o(m).
3
Let n(z) = 2*z**3 - 2*z**2 + 2*z - 4. Let r = 8 + -11. Let l(y) = -y**3 + y**2 - y + 4. Let c(a) = r*l(a) - 2*n(a). What is c(0)?
-4
Let u(k) = -k + 0*k + 2 + 0 + 0. Determine u(1).
1
Let r(m) be the third derivative of m**5/60 - 6*m**2. What is r(-2)?
4
Suppose 3*z - 5*c - 11 = 7, -3*z - 4*c = -18. Let n(j) be the first derivative of -2 + z*j - 1/2*j**2. Calculate n(6).
0
Suppose -2*m = -7*m + 25. Suppose 3 + m = -4*c. Let s = c - -6. Let k(r) = r - 1. Give k(s).
3
Let w(b) = -b**2 - 6*b + 1. Let t = -22 - -17. What is w(t)?
6
Let m(f) = 4*